{"id":8,"date":"2014-05-14T15:37:36","date_gmt":"2014-05-14T14:37:36","guid":{"rendered":"http:\/\/www.soudesecoles-stegreve.fr\/Test\/?page_id=8"},"modified":"2025-07-09T19:20:02","modified_gmt":"2025-07-09T18:20:02","slug":"presentationdusoudesecoles","status":"publish","type":"page","link":"http:\/\/www.soudesecoles-stegreve.fr\/Sou\/presentationdusoudesecoles\/","title":{"rendered":"Pr\u00e9sentation du Sou des Ecoles"},"content":{"rendered":"\n<h2><span style=\"color: #00c4ad;\">L&rsquo;histoire du Sou des Ecoles<\/span><\/h2>\n\n\n\n<p><span style=\"color: #000000;\">Cr\u00e9\u00e9 en 1878, Le Sou des Ecoles La\u00efques de Saint-Egr\u00e8ve est l\u2019association la plus ancienne de Saint-Egr\u00e8ve. Au service des enfants de la commune de Saint-Egr\u00e8ve, le Sou des Ecoles propose des activit\u00e9s sportives, \u00e9ducatives et intellectuelles.<\/span><\/p>\n\n\n\n<p><span style=\"color: #000000;\">Partenaire privil\u00e9gi\u00e9 des \u00e9coles de Saint-Egr\u00e8ve, le Sou des Ecoles organise des \u00e9v\u00e9nements conviviaux en \u00e9troite coop\u00e9ration avec les \u00e9coles et les parents d\u2019\u00e9l\u00e8ves :&nbsp; \u201cLes \u00e9coles en f\u00eate !\u201d en juin.<\/span><\/p>\n\n\n\n<p><\/p>\n\n\n\n<h2><span style=\"color: #00c4ad;\">Les valeurs du Sou des Ecoles<\/span><\/h2>\n\n\n\n<p><span style=\"color: #000000;\">Le Sou des Ecoles a pour vocation d\u2019enrichir le lien social en permettant \u00e0 tous et \u00e0 toutes de se rencontrer autour des productions artistiques et sportives des enfants des \u00e9coles de Saint-Egr\u00e8ve. Le Sou des Ecoles s\u2019appuie notamment sur l\u2019\u00e9troite coop\u00e9ration entre \u00e9coles et parents pour faire vivre les activit\u00e9s de l\u2019association et cr\u00e9er des \u00e9v\u00e9nements f\u00e9d\u00e9rateurs et conviviaux. Les recettes des ces \u00e9v\u00e9nements contribuent \u00e0 financer les projets au sein des \u00e9coles de la commune.<\/span><\/p>\n\n\n\n<p><\/p>\n\n\n\n<h2><span style=\"color: #00c4ad;\">Les membres du Conseil d\u2019Administration<\/span><\/h2>\n\n\n\n<p><span style=\"color: #000000;\"><strong>Pr\u00e9sident<\/strong> :&nbsp; &nbsp; &nbsp; &nbsp; &nbsp; &nbsp; &nbsp; &nbsp; &nbsp; &nbsp; &nbsp; &nbsp; &nbsp; &nbsp; &nbsp; Patrick RAFFIN<\/span><\/p>\n\n\n\n<p><span style=\"color: #000000;\"><strong>Secr\u00e9taire :<\/strong>&nbsp; &nbsp; &nbsp; &nbsp; &nbsp; &nbsp; &nbsp; &nbsp; &nbsp; &nbsp; &nbsp; &nbsp; &nbsp; &nbsp; &nbsp;Catherine TURIN<\/span><\/p>\n\n\n\n<p><span style=\"color: #000000;\"><strong>Tr\u00e9sorier :<\/strong>&nbsp; &nbsp; &nbsp; &nbsp; &nbsp; &nbsp; &nbsp; &nbsp; &nbsp; &nbsp; &nbsp; &nbsp; &nbsp; &nbsp; &nbsp; &nbsp;Claire GARRIGOU GRANDCHAMP<\/span><\/p>\n\n\n\n<p><span style=\"color: #000000;\"><strong>Responsables de sections :<\/strong>\u00a0 \u00a0Sylvain RASTELLI &amp; Sabah DIAZ KOURI (Ski), Eva MARDAYE-PACHONSKI (Danse), Blandine KIMMEL (Echecs)<\/span><\/p>\n","protected":false},"excerpt":{"rendered":"<p>L&rsquo;histoire du Sou des Ecoles Cr\u00e9\u00e9 en 1878, Le Sou des Ecoles La\u00efques de Saint-Egr\u00e8ve est l\u2019association la plus ancienne de Saint-Egr\u00e8ve. Au service des enfants de la commune de Saint-Egr\u00e8ve, le Sou des Ecoles propose des activit\u00e9s sportives, \u00e9ducatives et intellectuelles. Partenaire privil\u00e9gi\u00e9 des \u00e9coles de Saint-Egr\u00e8ve, le Sou des Ecoles organise des \u00e9v\u00e9nements &hellip; <\/p>\n","protected":false},"author":1,"featured_media":0,"parent":0,"menu_order":0,"comment_status":"closed","ping_status":"closed","template":"","meta":[],"_links":{"self":[{"href":"http:\/\/www.soudesecoles-stegreve.fr\/Sou\/wp-json\/wp\/v2\/pages\/8"}],"collection":[{"href":"http:\/\/www.soudesecoles-stegreve.fr\/Sou\/wp-json\/wp\/v2\/pages"}],"about":[{"href":"http:\/\/www.soudesecoles-stegreve.fr\/Sou\/wp-json\/wp\/v2\/types\/page"}],"author":[{"embeddable":true,"href":"http:\/\/www.soudesecoles-stegreve.fr\/Sou\/wp-json\/wp\/v2\/users\/1"}],"replies":[{"embeddable":true,"href":"http:\/\/www.soudesecoles-stegreve.fr\/Sou\/wp-json\/wp\/v2\/comments?post=8"}],"version-history":[{"count":30,"href":"http:\/\/www.soudesecoles-stegreve.fr\/Sou\/wp-json\/wp\/v2\/pages\/8\/revisions"}],"predecessor-version":[{"id":10304,"href":"http:\/\/www.soudesecoles-stegreve.fr\/Sou\/wp-json\/wp\/v2\/pages\/8\/revisions\/10304"}],"wp:attachment":[{"href":"http:\/\/www.soudesecoles-stegreve.fr\/Sou\/wp-json\/wp\/v2\/media?parent=8"}],"curies":[{"name":"wp","href":"https:\/\/api.w.org\/{rel}","templated":true}]}}